{"id":354,"date":"2019-05-03T12:49:20","date_gmt":"2019-05-03T12:49:20","guid":{"rendered":"https:\/\/vagnoni.com.ar\/?page_id=354"},"modified":"2022-08-26T18:25:27","modified_gmt":"2022-08-26T18:25:27","slug":"nuestra-historia","status":"publish","type":"page","link":"https:\/\/vagnoni.com.ar\/portugues\/nuestra-historia\/","title":{"rendered":"Nossa hist\u00f3ria"},"content":{"rendered":"<div class=\"wpb-content-wrapper\"><p>[vc_row type=\u00bbfull-nopad\u00bb css=\u00bb.vc_custom_1626778882516{background-color: #ff6600 !important;}\u00bb][vc_column][vc_empty_space height=\u00bb45px\u00bb][vc_empty_space height=\u00bb45px\u00bb][vc_empty_space height=\u00bb45px\u00bb][\/vc_column][\/vc_row][vc_row][vc_column width=\u00bb1\/4&#8243;][\/vc_column][vc_column width=\u00bb1\/2&#8243;][vc_empty_space height=\u00bb45px\u00bb][vc_empty_space height=\u00bb45px\u00bb][vc_column_text]<\/p>\n<h2 style=\"text-align: center;\"><strong><span style=\"color: #ff6600;\">Nossa hist\u00f3ria<br \/>\nSomos VAGNONI, uma fam\u00edlia campestre<br \/>\n<\/span><\/strong><\/h2>\n<p>[\/vc_column_text][vc_empty_space height=\u00bb45px\u00bb][vc_empty_space height=\u00bb45px\u00bb][vc_column_text]<\/p>\n<p style=\"text-align: center;\"><strong>Em 1988, Estelvio e Sonia, um jovem casal de Arroyo Seco,<\/strong> mudou-se para Necochea com um projeto de cultivo de batata e cebola.<\/p>\n<p style=\"text-align: center;\">Formaram uma fam\u00edlia, aos poucos foram chegando seus quatro pequenos. Depois de 9 anos, decidem voltar para Arroyo Seco onde cultivavam todos os tipos de hortali\u00e7as, Estelvio continuou viajando e cuidando das planta\u00e7\u00f5es em Necochea.<\/p>\n<p style=\"text-align: center;\">T\u00eam a seu cr\u00e9dito 100 anos de uma hist\u00f3ria familiar dedicada \u00e0 produ\u00e7\u00e3o de hort\u00edcolas, numa Zona do nosso Pa\u00eds, Hort\u00edcola por excel\u00eancia.<\/p>\n<p style=\"text-align: center;\">Mas as experi\u00eancias e inova\u00e7\u00f5es sempre fizeram parte desta empresa, resultando na incorpora\u00e7\u00e3o da ind\u00fastria ao campo, primeiro desidratando e cultivando a hortel\u00e3, depois o principal ator por muitos anos foi a salsa, at\u00e9 outras culturas como espinafre e couve.<\/p>\n<p style=\"text-align: center;\">Cultivaram, colheram e aperfei\u00e7oaram sua metodologia e a aplicaram em todas as culturas, oferecendo a seus clientes a possibilidade de armazenar o produto por mais de um ano sem problemas, preservando as excelentes propriedades de cada um e oferecendo produtos de qualidade prontos para serem adicionados a qualquer produto . prescri\u00e7\u00e3o.<\/p>\n<p style=\"text-align: center;\">Mas\u2026 Voc\u00ea sabe por que somos uma empresa familiar?<\/p>\n<p style=\"text-align: center;\"><strong>Porque desde pequeninos vivemos daquilo que nos apaixona, e nada em que se coloque paix\u00e3o pode falhar.<\/strong><\/p>\n<p style=\"text-align: center;\">Aos poucos, eu e meus irm\u00e3os nos juntamos a este Projeto de S\u00f4nia e Estelvio, cada um na sua fun\u00e7\u00e3o e com responsabilidades diferentes, sob a supervis\u00e3o de pai e m\u00e3e, que sempre nos apoiam com sua experi\u00eancia.<\/p>\n<p style=\"text-align: center;\">Para que ao consumir os nossos produtos o fa\u00e7a com a tranquilidade de que foram atendidos desde o in\u00edcio, por uma Fam\u00edlia de Profissionais do Campo.<\/p>\n<p>[\/vc_column_text][vc_empty_space height=\u00bb45px\u00bb][vc_empty_space height=\u00bb45px\u00bb][\/vc_column][vc_column width=\u00bb1\/4&#8243;][\/vc_column][\/vc_row]<\/p>\n<\/div>","protected":false},"excerpt":{"rendered":"<p>[vc_row type=\u00bbfull-nopad\u00bb css=\u00bb.vc_custom_1626778882516{background-color: #ff6600 !important;}\u00bb][vc_column][vc_empty_space height=\u00bb45px\u00bb][vc_empty_space height=\u00bb45px\u00bb][vc_empty_space height=\u00bb45px\u00bb][\/vc_column][\/vc_row][vc_row][vc_column width=\u00bb1\/4&#8243;][\/vc_column][vc_column width=\u00bb1\/2&#8243;][vc_empty_space height=\u00bb45px\u00bb][vc_empty_space height=\u00bb45px\u00bb][vc_column_text] Nossa hist\u00f3ria Somos VAGNONI, uma fam\u00edlia campestre [\/vc_column_text][vc_empty_space height=\u00bb45px\u00bb][vc_empty_space height=\u00bb45px\u00bb][vc_column_text] Em 1988, Estelvio e Sonia, um jovem casal de Arroyo Seco, mudou-se para Necochea com um projeto de cultivo de batata e cebola. Formaram uma fam\u00edlia, aos poucos foram chegando seus quatro pequenos. &hellip;<\/p>\n","protected":false},"author":2,"featured_media":0,"parent":0,"menu_order":0,"comment_status":"closed","ping_status":"closed","template":"templates\/page-full.php","meta":{"footnotes":""},"class_list":["post-354","page","type-page","status-publish","hentry"],"_links":{"self":[{"href":"https:\/\/vagnoni.com.ar\/portugues\/wp-json\/wp\/v2\/pages\/354","targetHints":{"allow":["GET"]}}],"collection":[{"href":"https:\/\/vagnoni.com.ar\/portugues\/wp-json\/wp\/v2\/pages"}],"about":[{"href":"https:\/\/vagnoni.com.ar\/portugues\/wp-json\/wp\/v2\/types\/page"}],"author":[{"embeddable":true,"href":"https:\/\/vagnoni.com.ar\/portugues\/wp-json\/wp\/v2\/users\/2"}],"replies":[{"embeddable":true,"href":"https:\/\/vagnoni.com.ar\/portugues\/wp-json\/wp\/v2\/comments?post=354"}],"version-history":[{"count":2,"href":"https:\/\/vagnoni.com.ar\/portugues\/wp-json\/wp\/v2\/pages\/354\/revisions"}],"predecessor-version":[{"id":981,"href":"https:\/\/vagnoni.com.ar\/portugues\/wp-json\/wp\/v2\/pages\/354\/revisions\/981"}],"wp:attachment":[{"href":"https:\/\/vagnoni.com.ar\/portugues\/wp-json\/wp\/v2\/media?parent=354"}],"curies":[{"name":"wp","href":"https:\/\/api.w.org\/{rel}","templated":true}]}}