{"id":934,"date":"2021-07-20T10:44:19","date_gmt":"2021-07-20T10:44:19","guid":{"rendered":"https:\/\/vagnoni.com.ar\/?page_id=934"},"modified":"2022-08-26T18:30:48","modified_gmt":"2022-08-26T18:30:48","slug":"un-trabajo-de-todos-los-dias","status":"publish","type":"page","link":"https:\/\/vagnoni.com.ar\/portugues\/un-trabajo-de-todos-los-dias\/","title":{"rendered":"Un trabajo de todos los d\u00edas"},"content":{"rendered":"<div class=\"wpb-content-wrapper\"><p>[vc_row type=\u00bbfull-nopad\u00bb css=\u00bb.vc_custom_1626778882516{background-color: #ff6600 !important;}\u00bb][vc_column][vc_empty_space height=\u00bb45px\u00bb][vc_empty_space height=\u00bb45px\u00bb][vc_empty_space height=\u00bb45px\u00bb][\/vc_column][\/vc_row][vc_row][vc_column width=\u00bb1\/4&#8243;][\/vc_column][vc_column width=\u00bb1\/2&#8243;][vc_empty_space height=\u00bb45px\u00bb][vc_empty_space height=\u00bb45px\u00bb][vc_column_text]<\/p>\n<h2 style=\"text-align: center;\"><strong><span style=\"color: #ff6600;\">Um trabalho di\u00e1rio<br \/>\n<\/span><\/strong><\/h2>\n<p>[\/vc_column_text][vc_empty_space height=\u00bb45px\u00bb][vc_empty_space height=\u00bb45px\u00bb][vc_column_text]<\/p>\n<p style=\"text-align: center;\"><strong>Nenhum dia \u00e9 igual ao outro, h\u00e1 dias em que pedimos que saia o sol, outros que chova, h\u00e1 momentos em que apenas o esfor\u00e7o di\u00e1rio,<\/strong> os recursos humanos, materiais e econ\u00f3micos n\u00e3o bastam, uma pedra, chuvas excessivas e secas prolongadas pode levar a colheita inteira de um ano, ningu\u00e9m nos contou, <strong>nesses mais de 30 anos passamos por todas elas.<\/strong><\/p>\n<p style=\"text-align: center;\"><strong>Mas todos os dias, pela manh\u00e3, acordamos e cada um de n\u00f3s sai motivado a dar o melhor de si, percorremos as lavouras,<\/strong> conversamos com fornecedores, com nossos clientes, cada um de n\u00f3s que trabalha na VAGNONI \u00e9 pe\u00e7a fundamental, para lhe oferecer um produto de m\u00e1xima pureza, 100% natural, preservando as suas propriedades, sem conservantes nem aditivos.<\/p>\n<p style=\"text-align: center;\"><strong>S\u00e3o muitos os hectares que ano ap\u00f3s ano colocamos ao servi\u00e7o das nossas lavouras,<\/strong> com as devidas rota\u00e7\u00f5es, garantindo uma produ\u00e7\u00e3o de excelente qualidade, com rigoroso controlo de campo.<\/p>\n<p style=\"text-align: center;\"><strong>E n\u00e3o, n\u00e3o \u00e9 m\u00e1gica, \u00e9 um trabalho di\u00e1rio.<\/strong><\/p>\n<p>[\/vc_column_text][vc_empty_space height=\u00bb45px\u00bb][vc_empty_space height=\u00bb45px\u00bb][\/vc_column][vc_column width=\u00bb1\/4&#8243;][\/vc_column][\/vc_row]<\/p>\n<\/div>","protected":false},"excerpt":{"rendered":"<p>[vc_row type=\u00bbfull-nopad\u00bb css=\u00bb.vc_custom_1626778882516{background-color: #ff6600 !important;}\u00bb][vc_column][vc_empty_space height=\u00bb45px\u00bb][vc_empty_space height=\u00bb45px\u00bb][vc_empty_space height=\u00bb45px\u00bb][\/vc_column][\/vc_row][vc_row][vc_column width=\u00bb1\/4&#8243;][\/vc_column][vc_column width=\u00bb1\/2&#8243;][vc_empty_space height=\u00bb45px\u00bb][vc_empty_space height=\u00bb45px\u00bb][vc_column_text] Um trabalho di\u00e1rio [\/vc_column_text][vc_empty_space height=\u00bb45px\u00bb][vc_empty_space height=\u00bb45px\u00bb][vc_column_text] Nenhum dia \u00e9 igual ao outro, h\u00e1 dias em que pedimos que saia o sol, outros que chova, h\u00e1 momentos em que apenas o esfor\u00e7o di\u00e1rio, os recursos humanos, materiais e econ\u00f3micos n\u00e3o bastam, uma pedra, chuvas &hellip;<\/p>\n","protected":false},"author":2,"featured_media":0,"parent":0,"menu_order":0,"comment_status":"closed","ping_status":"closed","template":"templates\/page-full.php","meta":{"footnotes":""},"class_list":["post-934","page","type-page","status-publish","hentry"],"_links":{"self":[{"href":"https:\/\/vagnoni.com.ar\/portugues\/wp-json\/wp\/v2\/pages\/934","targetHints":{"allow":["GET"]}}],"collection":[{"href":"https:\/\/vagnoni.com.ar\/portugues\/wp-json\/wp\/v2\/pages"}],"about":[{"href":"https:\/\/vagnoni.com.ar\/portugues\/wp-json\/wp\/v2\/types\/page"}],"author":[{"embeddable":true,"href":"https:\/\/vagnoni.com.ar\/portugues\/wp-json\/wp\/v2\/users\/2"}],"replies":[{"embeddable":true,"href":"https:\/\/vagnoni.com.ar\/portugues\/wp-json\/wp\/v2\/comments?post=934"}],"version-history":[{"count":2,"href":"https:\/\/vagnoni.com.ar\/portugues\/wp-json\/wp\/v2\/pages\/934\/revisions"}],"predecessor-version":[{"id":983,"href":"https:\/\/vagnoni.com.ar\/portugues\/wp-json\/wp\/v2\/pages\/934\/revisions\/983"}],"wp:attachment":[{"href":"https:\/\/vagnoni.com.ar\/portugues\/wp-json\/wp\/v2\/media?parent=934"}],"curies":[{"name":"wp","href":"https:\/\/api.w.org\/{rel}","templated":true}]}}